{"id":91,"date":"2018-06-16T17:51:25","date_gmt":"2018-06-16T15:51:25","guid":{"rendered":"http:\/\/komitascenter.be\/?page_id=91"},"modified":"2023-08-26T23:23:54","modified_gmt":"2023-08-26T21:23:54","slug":"cours-et-instruments","status":"publish","type":"page","link":"https:\/\/komitascenter.be\/?page_id=91","title":{"rendered":"Cours et Instruments"},"content":{"rendered":"<h2><span style=\"color: #400b33;\"><strong>Cours et Instruments<\/strong><\/span><\/h2>\n<h4><span style=\"color: #400b33;\"><strong>Notre \u00e9cole vous offre \u2026<\/strong><\/span><\/h4>\n<p><strong><em>Des cours individuels<\/em><\/strong><\/p>\n<p><strong>PIANO CLASSIQUE ET JAZZ<\/strong><\/p>\n<p><strong>\u00a0VIOLON<\/strong><\/p>\n<p><strong>CONTREBASSE<\/strong><\/p>\n<p><strong>GUITARE ACOUSTIQUE, \u00c9LECTRIQUE ET BASSE<\/strong><\/p>\n<p><strong>MANDOLINE<\/strong><\/p>\n<p><strong>DOUDOUK<\/strong><\/p>\n<p><strong>CHVI<\/strong><\/p>\n<p><strong>CHANT<\/strong><\/p>\n<p><strong><em>\u00a0Des cours collectifs\u00a0<\/em><\/strong><\/p>\n<h4><span style=\"color: #52072c;\"><a style=\"color: #52072c;\" href=\"http:\/\/komitascenter.be\/?page_id=126\">Solf\u00e8ge et historie de la musique<\/a><\/span><\/h4>\n<p><img loading=\"lazy\" decoding=\"async\" class=\"alignnone size-medium wp-image-714\" src=\"http:\/\/komitascenter.be\/wp-content\/uploads\/2021\/03\/156193230_2749454535367244_5717963321893235610_o-300x225.jpg\" alt=\"\" width=\"300\" height=\"225\" srcset=\"https:\/\/komitascenter.be\/wp-content\/uploads\/2021\/03\/156193230_2749454535367244_5717963321893235610_o-300x225.jpg 300w, https:\/\/komitascenter.be\/wp-content\/uploads\/2021\/03\/156193230_2749454535367244_5717963321893235610_o-1024x768.jpg 1024w, https:\/\/komitascenter.be\/wp-content\/uploads\/2021\/03\/156193230_2749454535367244_5717963321893235610_o-768x576.jpg 768w, https:\/\/komitascenter.be\/wp-content\/uploads\/2021\/03\/156193230_2749454535367244_5717963321893235610_o.jpg 1440w\" sizes=\"auto, (max-width: 300px) 100vw, 300px\" \/><\/p>\n<p class=\"style21\"><em><strong>Autres projets<\/strong><\/em><\/p>\n<h4><span style=\"color: #52072c;\"><a style=\"color: #52072c;\" href=\"http:\/\/komitascenter.be\/?page_id=104\">Petit groupes pour vos \u00e9v\u00e9nements<\/a><\/span><\/h4>\n<p><img loading=\"lazy\" decoding=\"async\" class=\"alignnone size-medium wp-image-216\" src=\"http:\/\/komitascenter.be\/wp-content\/uploads\/2018\/06\/beer-garden-1312010_640-1-300x211.jpg\" alt=\"\" width=\"300\" height=\"211\" srcset=\"https:\/\/komitascenter.be\/wp-content\/uploads\/2018\/06\/beer-garden-1312010_640-1-300x211.jpg 300w, https:\/\/komitascenter.be\/wp-content\/uploads\/2018\/06\/beer-garden-1312010_640-1.jpg 634w\" sizes=\"auto, (max-width: 300px) 100vw, 300px\" \/><\/p>\n<h4><span style=\"color: #0000ff;\"><strong><a style=\"color: #0000ff;\" href=\"http:\/\/komitascenter.be\/?page_id=108\"><span style=\"color: #52072c;\">Chorale d\u2019enfants \u00ab\u00a0Piccolo\u00a0\u00bb<\/span><\/a><\/strong><\/span><\/h4>\n<p><img loading=\"lazy\" decoding=\"async\" class=\"alignnone size-medium wp-image-154\" src=\"http:\/\/komitascenter.be\/wp-content\/uploads\/2018\/06\/18738546_1768699343442773_2150705088706241416_o-300x199.jpg\" alt=\"\" width=\"300\" height=\"199\" srcset=\"https:\/\/komitascenter.be\/wp-content\/uploads\/2018\/06\/18738546_1768699343442773_2150705088706241416_o-300x199.jpg 300w, https:\/\/komitascenter.be\/wp-content\/uploads\/2018\/06\/18738546_1768699343442773_2150705088706241416_o-768x510.jpg 768w, https:\/\/komitascenter.be\/wp-content\/uploads\/2018\/06\/18738546_1768699343442773_2150705088706241416_o-1024x681.jpg 1024w, https:\/\/komitascenter.be\/wp-content\/uploads\/2018\/06\/18738546_1768699343442773_2150705088706241416_o.jpg 2048w\" sizes=\"auto, (max-width: 300px) 100vw, 300px\" \/><\/p>\n<h4><strong><a href=\"http:\/\/komitascenter.be\/?page_id=102\"><span style=\"color: #0000ff;\"><span style=\"color: #52072c;\">Chorale \u00ab\u00a0Louys\u00a0\u00bb<\/span><\/span><\/a><\/strong><\/h4>\n<p><img loading=\"lazy\" decoding=\"async\" class=\"alignnone size-medium wp-image-221\" src=\"http:\/\/komitascenter.be\/wp-content\/uploads\/2018\/06\/viber55image-300x225.jpg\" alt=\"\" width=\"300\" height=\"225\" srcset=\"https:\/\/komitascenter.be\/wp-content\/uploads\/2018\/06\/viber55image-300x225.jpg 300w, https:\/\/komitascenter.be\/wp-content\/uploads\/2018\/06\/viber55image-768x576.jpg 768w, https:\/\/komitascenter.be\/wp-content\/uploads\/2018\/06\/viber55image-1024x768.jpg 1024w, https:\/\/komitascenter.be\/wp-content\/uploads\/2018\/06\/viber55image.jpg 1280w\" sizes=\"auto, (max-width: 300px) 100vw, 300px\" \/><\/p>\n<h3><\/h3>\n<p>pour l\u2019inscription et plus d\u2019informations:\u00a0 \u00a0\u00a0<span style=\"color: #52072c;\">\u00a0 \u00a0\u00a0<a style=\"color: #52072c;\" href=\"http:\/\/komitascenter.be\/?page_id=86\">Inscriptions et Tarifs<\/a><\/span><\/p>\n","protected":false},"excerpt":{"rendered":"<p>Cours et Instruments Notre \u00e9cole vous offre \u2026 Des cours individuels PIANO CLASSIQUE ET JAZZ \u00a0VIOLON CONTREBASSE GUITARE ACOUSTIQUE, \u00c9LECTRIQUE ET BASSE MANDOLINE DOUDOUK CHVI CHANT \u00a0Des cours collectifs\u00a0 Solf\u00e8ge et historie de la musique Autres projets Petit groupes pour vos \u00e9v\u00e9nements Chorale d\u2019enfants \u00ab\u00a0Piccolo\u00a0\u00bb Chorale \u00ab\u00a0Louys\u00a0\u00bb pour l\u2019inscription et plus d\u2019informations:\u00a0 \u00a0\u00a0\u00a0 \u00a0\u00a0Inscriptions et &hellip; <\/p>\n<p class=\"link-more\"><a href=\"https:\/\/komitascenter.be\/?page_id=91\" class=\"more-link\">Continuer la lecture<span class=\"screen-reader-text\"> de &laquo;&nbsp;Cours et Instruments&nbsp;&raquo;<\/span><\/a><\/p>\n","protected":false},"author":2,"featured_media":52,"parent":0,"menu_order":0,"comment_status":"closed","ping_status":"closed","template":"","meta":{"footnotes":""},"class_list":["post-91","page","type-page","status-publish","has-post-thumbnail","hentry"],"_links":{"self":[{"href":"https:\/\/komitascenter.be\/index.php?rest_route=\/wp\/v2\/pages\/91","targetHints":{"allow":["GET"]}}],"collection":[{"href":"https:\/\/komitascenter.be\/index.php?rest_route=\/wp\/v2\/pages"}],"about":[{"href":"https:\/\/komitascenter.be\/index.php?rest_route=\/wp\/v2\/types\/page"}],"author":[{"embeddable":true,"href":"https:\/\/komitascenter.be\/index.php?rest_route=\/wp\/v2\/users\/2"}],"replies":[{"embeddable":true,"href":"https:\/\/komitascenter.be\/index.php?rest_route=%2Fwp%2Fv2%2Fcomments&post=91"}],"version-history":[{"count":18,"href":"https:\/\/komitascenter.be\/index.php?rest_route=\/wp\/v2\/pages\/91\/revisions"}],"predecessor-version":[{"id":1562,"href":"https:\/\/komitascenter.be\/index.php?rest_route=\/wp\/v2\/pages\/91\/revisions\/1562"}],"wp:featuredmedia":[{"embeddable":true,"href":"https:\/\/komitascenter.be\/index.php?rest_route=\/wp\/v2\/media\/52"}],"wp:attachment":[{"href":"https:\/\/komitascenter.be\/index.php?rest_route=%2Fwp%2Fv2%2Fmedia&parent=91"}],"curies":[{"name":"wp","href":"https:\/\/api.w.org\/{rel}","templated":true}]}}